{"id":7458,"date":"2023-12-29T21:09:09","date_gmt":"2023-12-29T19:09:09","guid":{"rendered":"https:\/\/mallorcamade.com\/producers\/agro-can-feliu\/"},"modified":"2024-08-06T18:56:55","modified_gmt":"2024-08-06T16:56:55","slug":"agro-can-feliu","status":"publish","type":"producers","link":"https:\/\/mallorcamade.com\/de\/producers\/agro-can-feliu\/","title":{"rendered":"Agro Ca&#8217;n Feliu"},"content":{"rendered":"","protected":false},"excerpt":{"rendered":"<p>Can Feliu ist ein Weingut in Porreres, Mallorca, das biologische und biodynamische Weine herstellt. Sie bieten ein komplettes Erlebnis mit Unterkunft in ihrem Agrotourismus und die M\u00f6glichkeit, die Natur zu genie\u00dfen, gef\u00fchrte Besichtigungen der Weinkellerei und Weinverkostungen.<\/p>\n","protected":false},"author":1,"featured_media":0,"menu_order":0,"template":"","format":"standard","meta":{"footnotes":""},"categories":[101],"tags":[],"product_cat":[119],"product_tag":[],"class_list":["post-7458","producers","type-producers","status-publish","format-standard","hentry","category-producers-de","product_cat-wein"],"acf":{"history":"","stories":"","zona":"Serra de Tramontana","logotipo":"","email":"","direccion":"","municipio":"","telefono":"","website":"","Galer\u00eda":"","pdo":"","awards":"","export_markets":"","google_maps":"","image_ceo":"","second_image":"","CEO":"","cargo_ejecutivo":"","trade_marks":"","suscrito":false},"_links":{"self":[{"href":"https:\/\/mallorcamade.com\/de\/wp-json\/wp\/v2\/producers\/7458","targetHints":{"allow":["GET"]}}],"collection":[{"href":"https:\/\/mallorcamade.com\/de\/wp-json\/wp\/v2\/producers"}],"about":[{"href":"https:\/\/mallorcamade.com\/de\/wp-json\/wp\/v2\/types\/producers"}],"author":[{"embeddable":true,"href":"https:\/\/mallorcamade.com\/de\/wp-json\/wp\/v2\/users\/1"}],"version-history":[{"count":1,"href":"https:\/\/mallorcamade.com\/de\/wp-json\/wp\/v2\/producers\/7458\/revisions"}],"predecessor-version":[{"id":7875,"href":"https:\/\/mallorcamade.com\/de\/wp-json\/wp\/v2\/producers\/7458\/revisions\/7875"}],"wp:attachment":[{"href":"https:\/\/mallorcamade.com\/de\/wp-json\/wp\/v2\/media?parent=7458"}],"wp:term":[{"taxonomy":"category","embeddable":true,"href":"https:\/\/mallorcamade.com\/de\/wp-json\/wp\/v2\/categories?post=7458"},{"taxonomy":"post_tag","embeddable":true,"href":"https:\/\/mallorcamade.com\/de\/wp-json\/wp\/v2\/tags?post=7458"},{"taxonomy":"product_cat","embeddable":true,"href":"https:\/\/mallorcamade.com\/de\/wp-json\/wp\/v2\/product_cat?post=7458"},{"taxonomy":"product_tag","embeddable":true,"href":"https:\/\/mallorcamade.com\/de\/wp-json\/wp\/v2\/product_tag?post=7458"}],"curies":[{"name":"wp","href":"https:\/\/api.w.org\/{rel}","templated":true}]}}

<p>Can Feliu ist ein Weingut in Porreres, Mallorca, das biologische und biodynamische Weine herstellt. Sie bieten ein komplettes Erlebnis mit Unterkunft in ihrem Agrotourismus und die Möglichkeit, die Natur zu genießen, geführte Besichtigungen der Weinkellerei und Weinverkostungen.</p>
