{"id":7692,"date":"2023-12-29T21:09:09","date_gmt":"2023-12-29T19:09:09","guid":{"rendered":"https:\/\/mallorcamade.com\/producers\/agro-can-feliu\/"},"modified":"2024-08-06T18:57:01","modified_gmt":"2024-08-06T16:57:01","slug":"agro-can-feliu","status":"publish","type":"producers","link":"https:\/\/mallorcamade.com\/sv\/producers\/agro-can-feliu\/","title":{"rendered":"Agro Ca&#8217;n Feliu"},"content":{"rendered":"","protected":false},"excerpt":{"rendered":"<p>Can Feliu \u00e4r en ving\u00e5rd i Porreres p\u00e5 Mallorca som producerar ekologiska och biodynamiska viner. De erbjuder en komplett upplevelse med boende i deras agroturism och m\u00f6jlighet att njuta av naturen, guidade bes\u00f6k p\u00e5 ving\u00e5rden och vinprovningar.<\/p>\n","protected":false},"author":1,"featured_media":0,"menu_order":0,"template":"","format":"standard","meta":{"footnotes":""},"categories":[209],"tags":[],"product_cat":[157],"product_tag":[],"class_list":["post-7692","producers","type-producers","status-publish","format-standard","hentry","category-producers-sv","product_cat-vin"],"acf":{"history":"","stories":"","zona":"Serra de Tramontana","logotipo":"","email":"","direccion":"","municipio":"","telefono":"","website":"","Galer\u00eda":"","pdo":"","awards":"","export_markets":"","google_maps":"","image_ceo":"","second_image":"","CEO":"","cargo_ejecutivo":"","trade_marks":"","suscrito":false},"_links":{"self":[{"href":"https:\/\/mallorcamade.com\/sv\/wp-json\/wp\/v2\/producers\/7692","targetHints":{"allow":["GET"]}}],"collection":[{"href":"https:\/\/mallorcamade.com\/sv\/wp-json\/wp\/v2\/producers"}],"about":[{"href":"https:\/\/mallorcamade.com\/sv\/wp-json\/wp\/v2\/types\/producers"}],"author":[{"embeddable":true,"href":"https:\/\/mallorcamade.com\/sv\/wp-json\/wp\/v2\/users\/1"}],"version-history":[{"count":1,"href":"https:\/\/mallorcamade.com\/sv\/wp-json\/wp\/v2\/producers\/7692\/revisions"}],"predecessor-version":[{"id":7877,"href":"https:\/\/mallorcamade.com\/sv\/wp-json\/wp\/v2\/producers\/7692\/revisions\/7877"}],"wp:attachment":[{"href":"https:\/\/mallorcamade.com\/sv\/wp-json\/wp\/v2\/media?parent=7692"}],"wp:term":[{"taxonomy":"category","embeddable":true,"href":"https:\/\/mallorcamade.com\/sv\/wp-json\/wp\/v2\/categories?post=7692"},{"taxonomy":"post_tag","embeddable":true,"href":"https:\/\/mallorcamade.com\/sv\/wp-json\/wp\/v2\/tags?post=7692"},{"taxonomy":"product_cat","embeddable":true,"href":"https:\/\/mallorcamade.com\/sv\/wp-json\/wp\/v2\/product_cat?post=7692"},{"taxonomy":"product_tag","embeddable":true,"href":"https:\/\/mallorcamade.com\/sv\/wp-json\/wp\/v2\/product_tag?post=7692"}],"curies":[{"name":"wp","href":"https:\/\/api.w.org\/{rel}","templated":true}]}}

<p>Can Feliu är en vingård i Porreres på Mallorca som producerar ekologiska och biodynamiska viner. De erbjuder en komplett upplevelse med boende i deras agroturism och möjlighet att njuta av naturen, guidade besök på vingården och vinprovningar.</p>
